et i(t) = -2*t**2 + 16*t - 10. Let b be i(7). Suppose -k - b = k + 2*y, 8 = 4*k - 4*y. Suppose k - 3 = -u. What are the prime factors of u?
3
Suppose -2*d = -3*g + 1312, -4*g - 4*d = -829 - 947. Suppose g = 5*h - 0*h. Suppose 3*z = -z + h. List the prime factors of z.
2, 11
Suppose 3*m - 3 - 3 = 0. Suppose 2*p + 10 = 3*x, -3*p - 13 = -5*x + m. What are the prime factors of -2*(-3 + (1 - x))?
2
Let h be 32/(1 + -2) + 3. Let f = -26 - h. Suppose -f*j + 3*d = j - 152, -j + 5*d + 38 = 0. What are the prime factors of j?
2, 19
Let h be (-3)/(0 + 1) + 0/(-1). What are the prime factors of 200/2 + 2*h/(-6)?
101
Suppose -3*y = -4*n - 1168 - 694, 4*y - 2524 = -5*n. What are the prime factors of y?
2, 313
Let q(t) = t - 6. Suppose -5 - 50 = -5*g. List the prime factors of q(g).
5
Let n(q) = 2*q**2 - q - 5. Suppose 5*y + 3*d = -6, 19 = 5*d + 4. Let g be n(y). Suppose -4*o = -g - 4. What are the prime factors of o?
5
Suppose -37*f = -22*f - 24015. What are the prime factors of f?
1601
Let l(p) = -p**3 - 47*p**2 + 228*p - 10. What are the prime factors of l(-52)?
2, 827
Suppose 0 = c + 3*a + 24, -3*c - 3*a = 2*a + 52. Let k be -8*1*c/4. Suppose 3*h - k = -2*y - 0*y, 4*y = h + 36. List the prime factors of y.
3
Suppose -12 = -0*r - 3*r + 3*d, 0 = -4*r + d + 22. Suppose r*b + 160 = 11*b. Let g = -12 + b. What are the prime factors of g?
2, 5
Let t be (2/(-10) - -1)/(6/15). List the prime factors of (188/2)/(t/3).
3, 47
Let w be 4 - (4 + 0 - 8). Suppose 3*u - w*u = -20. List the prime factors of u.
2
Let w = 338 + -204. List the prime factors of w.
2, 67
Let s = -6 + 9. Let h = -3 + s. Suppose -2*c - 10 = -5*l + 3*c, h = 2*l - 4*c - 4. List the prime factors of l.
2
Suppose 37*p + 45 = 36*p. Let x = 284 + p. What are the prime factors of x?
239
Let v = 29 - 29. Suppose -r - 5*s - 5 = v, 0*s - 19 = r - 2*s. Let x = r + 47. List the prime factors of x.
2
Suppose 4*j = 8*j + 4. What are the prime factors of j + 1/(2/6)?
2
Let r(l) = -l**3 + 13*l**2 - 13*l + 16. Let c be r(12). Suppose -u - m = u - 2, 0 = -3*u + c*m + 3. What are the prime factors of 8 + -4 - (-22 - u)?
3
Let l be ((-394)/(-1) - 0) + 2. Suppose -46 + l = 2*a. Suppose -140 = -4*r + h, -8*r + 3*r - h = -a. List the prime factors of r.
5, 7
Let v = 4 + -4. Suppose 8 = -2*l - v*l. List the prime factors of (143/26)/((-1)/l).
2, 11
Suppose -8*s = -5*s - 30. Suppose -14*p + s*p = -88. List the prime factors of p.
2, 11
Let y be 18/(-18)*(-2)/(1 + 0). Suppose 0 = -4*n + 4*x + 4, -7 = -3*n + x + y. List the prime factors of n.
2
Suppose 14 = -n - 5*q, 3*n + 2*q - 8 = -3*q. Let l = 24 - n. Let v = l - 7. List the prime factors of v.
2, 3
Let g(a) = -a**3 + 6*a**2 + a - 4. Let v be g(6). Suppose 6*c - c = 25, -v*c - 445 = -5*h. What are the prime factors of h?
7, 13
Suppose -4*u + 8 = -32. Let k = -12 + u. List the prime factors of 33/k*2/(-1).
3, 11
Let w(t) = -t**3 + 7*t**2 + 8*t + 4. Suppose 0*l - 64 = -8*l. What are the prime factors of w(l)?
2
What are the prime factors of 1804 + -2 + (-16)/(-2)?
2, 5, 181
Let a = 3260 + -1818. List the prime factors of 2/(-16) - a/(-16).
2, 3, 5
Suppose -4*f - f + 5*z + 1510 = 0, 5*z = -5*f + 1460. Suppose 4*k - f = 107. List the prime factors of k.
101
Let q(j) = 5*j - 2*j - j**2 + 2*j**2 - 7. Let p be q(-5). Suppose 0 = -p*y - 2*y + 4*n + 236, 0 = -4*y + 4*n + 192. List the prime factors of y.
2, 11
Let n(x) = -x**2 - 4*x. Let p be n(-4). Suppose p*l = -4*l - 4*j + 192, -5*l - 3*j = -242. What are the prime factors of l?
7
Suppose -36*q - 144 = -39*q. What are the prime factors of q?
2, 3
Suppose 10 = 4*u + u. Let v(z) = -2*z - 18. Let s be v(-10). Suppose -u*g = -3*d - 27, 2*d + s*d - 41 = -g. List the prime factors of g.
3, 7
Let q(c) = -27*c - 16. What are the prime factors of q(-2)?
2, 19
Let n(z) = 13*z**2 + 13*z - 18. List the prime factors of n(-8).
2, 5, 71
Suppose -123 = -4*t - 5*n, -138 = -4*t - t - n. Suppose 2*v = t + 43. Suppose a = -12 + v. What are the prime factors of a?
23
Let t be 320/50 - 6/15. Let m(y) = -51*y - 1. Let x be m(-1). Suppose -d + t*d - x = 0. List the prime factors of d.
2, 5
Let c(z) = -4*z - 9. Let p be c(-3). Suppose p*y + 193 = 2*d, d + 2*d - 3*y = 285. What are the prime factors of d?
2, 23
Let j = 897 - 149. What are the prime factors of j?
2, 11, 17
Suppose -3*w + 256 - 103 = 0. Suppose -161 = -4*d + 11*d. Let s = d + w. List the prime factors of s.
2, 7
Let w = 364 - 182. Suppose 2*u - w - 192 = 0. List the prime factors of u.
11, 17
Let n(d) = 2*d**3 + 19*d**2 + 9*d - 6. Let g be n(-9). Suppose 4*s - 2*s - 46 = 0. Let k = s + g. List the prime factors of k.
17
Let i(x) be the third derivative of x**4/24 + 47*x**3/6 - 3*x**2. What are the prime factors of i(25)?
2, 3
Let y(i) = -106*i - 3. What are the prime factors of y(-2)?
11, 19
Let a be (-302 - 4)*2/2. Let x = a + 436. List the prime factors of x.
2, 5, 13
Let y(h) = -h - 4. Let a be y(-5). Let w = a + -1. List the prime factors of (w + -1)*-6 + -1.
5
Let c(t) = 2*t**2 - 27*t - 15. Let j(k) = -22 + 4*k - 2*k - 50*k**2 - 42*k + 53*k**2. Let w(v) = 7*c(v) - 5*j(v). What are the prime factors of w(10)?
3, 5
Suppose -4*k - h + 1858 = 0, -515 - 1353 = -4*k + 4*h. What are the prime factors of k?
3, 5, 31
Let f(n) = 35 - 3*n + 86 + 0*n + 14. List the prime factors of f(0).
3, 5
Suppose 4*g = 3*g + 3*f - 3, -4*g + 1 = f. Suppose -4*l + 144 = 2*k - 3*l, -4*k + 2*l + 288 = g. What are the prime factors of k?
2, 3
Suppose -5*p + 60 = -5*g, 0*p + 3*g = -2*p + 34. Let z = 203 + -207. What are the prime factors of 1242/63 - z/p?
2, 5
Suppose 173 = -d - 106. Let i = -198 - d. List the prime factors of i.
3
Let o be -1 + (-12)/(-9)*3. Suppose -7*r + o*r = -3*n - 109, n - 1 = 0. What are the prime factors of r + (1 - -3)/(-4)?
3
Suppose 4*y = -5*w + 170, -5*w + 164 = -2*y - 6. Let u = w - 19. Suppose 5*h + 125 = 5*g, -2*h + 10 = g - u. What are the prime factors of g?
5
Let q = 14529 - 9517. What are the prime factors of q?
2, 7, 179
Let m(c) = -c**3 + 6*c**2 + 5*c + 12. Let j be m(7). Let x be j*1/2*1. Let h(r) = -19*r - 2. List the prime factors of h(x).
17
Let i(z) be the first derivative of -z**4/4 - 7*z**3/3 + 3*z - 4. Let p be i(-7). Suppose -4*a - 25 = -p*x, 5*x - 42 = x + a. What are the prime factors of x?
11
Suppose 0 = -5*y + 4*o + 23, -5*y + 3*o - 1 = -22. Let r(q) = 7*q + 1. Let f be r(y). Let g = -17 + f. What are the prime factors of g?
5
What are the prime factors of (-8 - (-8 + 1))*-649?
11, 59
Let q = 1429 + 192. List the prime factors of q.
1621
Let n(b) = -b**2 - 16*b - 17. Suppose -6*k + 13*k + 42 = 0. List the prime factors of n(k).
43
Suppose -m + 20 - 30 = 0. What are the prime factors of (-136)/(-12)*(-45)/m?
3, 17
Suppose f - 545 = -472. Let s = 58 + -103. Let l = f + s. What are the prime factors of l?
2, 7
Suppose 2206 = 3*w - 320. List the prime factors of w.
2, 421
Let t = 12 + 0. Let y be 99/t + 2/(-8). Let g = 25 - y. What are the prime factors of g?
17
Let y = 2068 + -907. What are the prime factors of y?
3, 43
Let h = -112 - -117. Suppose 0*o = -4*o + 16, 3*p + h*o - 719 = 0. List the prime factors of p.
233
Let q(f) = f**2 + 23*f + 14. Let y be q(-15). Let w = y - -181. List the prime factors of w.
3, 5
Let c = 28 + -20. Let u(p) = 3*p**3 + 13*p**2 - 17*p - 3. Let h(v) = 8*v**3 + 38*v**2 - 49*v - 9. Let s(x) = -4*h(x) + 11*u(x). List the prime factors of s(c).
11
Let r(a) = 3*a - 39*a**2 + 46*a**2 + a**3 - 2 - 2*a. Let u be r(-5). Suppose u = -5*f + 6*f. What are the prime factors of f?
43
Suppose -2*s + 3128 = -4*o, -12*o = -8*o + 20. List the prime factors of s.
2, 3, 7, 37
Suppose 20*u - 22*u - 58 = 0. Let w = u + 60. List the prime factors of w.
31
Let a(d) = -2*d**2 + 50*d + 8. Let w be a(23). Let u = w + -92. List the prime factors of u.
2
Let k be (4 - 5) + 8 - -1. Suppose -o = -k*f + 3*f - 40, 81 = 3*o - 2*f. List the prime factors of o.
5
List the prime factors of (-248448)/(-336) + 10/(-7).
2, 3, 41
Suppose 2*g - 2120 = -20. List the prime factors of g.
2, 3, 5, 7
Suppose 2*y = -0*y + 6, -3*b - 2*y - 24 = 0. Let n be (-106)/(-4) - b/(-20). Let f = n + 0. List the prime factors of f.
2, 13
Let x be (3 - -12)*(-22)/(-5). Suppose -d - 9 + x = 0. List the prime factors of d.
3, 19
Suppose 2*c - 24*h = -22*h + 1604, 1592 = 2*c + h. What are